- 2. Suppose 0*t = t + 6. Calculate u(t).
-5
Suppose v + 16 = 2*w - v, 2*w - 16 = -5*v. Let c(x) = 4*x - 9. Let m be c(w). Let i(h) = 8*h + 17*h - m*h + h**3 - 3*h**2. Calculate i(3).
6
Let w(f) = -5 + 6*f - 2*f**2 - 5*f - 9*f. Let m(l) = -l**2 + l - 1. Let i(t) = m(t) - w(t). Calculate i(-8).
-4
Let x(a) be the second derivative of a**4/12 - 5*a**3/2 - 4*a**2 + a + 155. Give x(15).
-8
Let q(p) = p**3 + 6 + p + 2*p - p + 0*p**2 + 4*p**2. Let o = 656 + -660. Calculate q(o).
-2
Let u(q) = q**2 - 4*q - 6. Let t(b) = 5*b + 7. Suppose 0 = 73*r - 69*r - 20. Let h(z) = r*t(z) + 6*u(z). Give h(-2).
21
Let c(h) be the second derivative of -h**5/120 - h**4/24 + h**3/2 + 32*h. Let q(p) be the second derivative of c(p). What is q(-8)?
7
Let h(x) be the third derivative of -x**4/24 - x**3/2 - 2*x**2 + 118*x. Calculate h(-3).
0
Let s(p) be the first derivative of p**4/4 - 11*p**3/3 - 3*p**2/2 + 24*p - 157. Calculate s(11).
-9
Suppose 7*o + 42 = r, -o = -44*r + 48*r + 6. Let b(i) = 3*i**2 + i + 5. Let q(a) = 7*a**2 + 3*a + 10. Let t(c) = -5*b(c) + 2*q(c). Determine t(r).
-5
Let p(h) = 4*h**3 + h**2 - h. Suppose 2 = 3*d - m - 4, -4*d + 3*m = -13. Let t = 82 - 82. Let x = d - t. Determine p(x).
4
Let j be 3 - ((4 - 6) + 10). Let c be j/5 - 36/(-8)*2. Let o(g) = g - 4. Calculate o(c).
4
Let a(u) = u**3 - 8*u**2 + 6*u + 1. Let i(r) = -r - 3. Let g be i(-6). Suppose 13 = 3*c - 4*s - 5, s = 4*c - 37. Suppose g*m = c + 11. Determine a(m).
-6
Suppose -2*s + 6*s = 12. Let i(g) = 0 + 4*g**2 + 1 - 2*g**3 - s*g**3 + g + 4*g**3. Calculate i(4).
5
Let x(c) = -c**2 - c + 1. Suppose 4*w + 9 = f, -f - f + 13 = -3*w. Let u(y) = 7*y**2 + 6*y - 9. Let i(v) = w*u(v) - 6*x(v). Determine i(0).
3
Let b(w) = 2*w**2 + 7*w + 14. Let u(q) = -q - 2. Let m(o) = 2*b(o) + 14*u(o). Calculate m(1).
4
Suppose 2 = -d + 5. Let l(b) = -d + 2 + b + 0 + 0. Suppose 0 = 9*q - 2*q - 28. Calculate l(q).
3
Let y(c) = -14*c + 10. Let x(k) = -43*k + 26. Let l(r) = -3*x(r) + 8*y(r). Give l(-1).
-15
Let o(v) = -v**3 + 4*v**2 - 5*v - 11. Let c(i) = i**2 + 16*i. Let t be c(-15). Let h = t - -12. Let k(y) = -y**2 - 1. Let x(z) = h*k(z) + o(z). Determine x(6).
-2
Let x(h) = h**3 + 20*h**2 + 7*h + 19. Let j(w) = 5*w**2 + 1. Let a(z) = -6*j(z) + x(z). What is a(9)?
-5
Let a(l) = -l + 2. Let u(r) = -3*r + 8. Let j(v) = 7*a(v) - 2*u(v). Calculate j(-9).
7
Let f(u) = u**2 + 5*u - 3. Let w be f(-6). Let k(s) be the second derivative of -s**4/12 + s**3/6 + s**2 + s - 2. Determine k(w).
-4
Let w(o) = -o**3 + 4*o**2 + 10*o - 9. Let q be w(6). Let x be (18/q)/((-2)/(-14)). Let r(d) = d**3 + 7*d**2 + 7*d + 7. Give r(x).
1
Let u(l) = -3*l**2 + l**3 - 80913 + 80905 - 2*l - l. Calculate u(4).
-4
Let d(q) = -16*q**3 - 10*q**2 + 15*q - 16. Let k(z) = 9*z**3 + 5*z**2 - 8*z + 8. Let t(h) = -4*d(h) - 7*k(h). What is t(-6)?
-4
Let s(i) be the third derivative of -1/60*i**5 - 1/3*i**3 + 0*i**4 + 0 + 8*i**2 + 0*i. Calculate s(3).
-11
Let o(i) be the second derivative of -32*i + 5/6*i**3 + 0 + 3*i**2 + 1/20*i**5 - 2/3*i**4. What is o(7)?
-8
Let h(f) be the second derivative of -f**4/12 - 5*f**3/6 + 250*f. What is h(-5)?
0
Let p(u) = -u - 5. Let v be p(0). Let x = 0 + 5. Let h(r) = x*r**2 - 9*r - 3*r**3 + 10*r + 6 + 4*r**3. Determine h(v).
1
Let u be (28/(-14))/((-4)/(-86)). Let b = -44 - u. Let v(q) = 5*q**2 + q + 1. What is v(b)?
5
Let c = -26 - -29. Let t(r) = -3 - 3*r - 2*r + c*r. Let n(q) = q**2 + 3*q - 1. Let u be n(-4). What is t(u)?
-9
Let r(w) be the first derivative of -w**2/2 + 5*w + 1. Suppose b - 3*h - 6 = -b, 5*b + 3*h = 57. What is r(b)?
-4
Let m(x) = 6*x**3 + x**2 - x + 1. Suppose 2 = -2*v, -5*g = -2*g - 2*v - 206. Suppose 64*n = g*n - 4. Calculate m(n).
7
Let s be ((-3)/12)/(1/(-4)). Let x(l) = -5*l + 3. Let k(j) = j - 1. Let w be (3/6)/(2/16). Let m(d) = s*x(d) + w*k(d). Determine m(5).
-6
Let d(i) = -i + 8. Let y(t) = 0*t + 2*t - 21 + 4. Let a(x) = x + 11. Let g be a(-24). Let r(o) = g*d(o) - 6*y(o). Calculate r(-4).
-6
Let o(m) = 7*m - 15. Let w(q) = -6*q + 14. Let r(p) = -5*o(p) - 6*w(p). Let t be (-7 + 7)/4 - (-12 + 5). Determine r(t).
-2
Let q(h) = 3 - 4*h + h**2 + h**2 - 8 + 4. Give q(-4).
47
Let s(r) = -r - 3 + 3 + 4. Let l be -6 + (-15)/(-25)*(-8 + 13). Determine s(l).
7
Let m be (15 - 12)/(14/11 + -1). Suppose m = a + 13. Let g(b) = -b**2 - 1. Let u(i) = 3*i**2 - 3*i + 3. Let q(h) = -4*g(h) - u(h). Give q(a).
-1
Let w(c) = c**2 + 8*c + 5. Let a be w(-6). Let j(m) be the second derivative of m**4/12 + m**3 + 7*m**2/2 - m. What is j(a)?
14
Let t(w) = w**2 + w - 4. Suppose -2*x = -z - 1, 3*z + 4*x = 53 - 36. Determine t(z).
8
Let i be 8/(-28) - (-144)/14. Let r = i + -9. Let f(u) be the first derivative of 7*u**2/2 + u + 1. Give f(r).
8
Suppose 370 = -145*x - 65. Let l(k) = -k - 3. Calculate l(x).
0
Suppose 0 = 3*c - t - 6, 4*c - 3 = 4*t - t. Let w(k) be the second derivative of 0 + 1/20*k**5 + 7*k + 1/2*k**2 - 1/2*k**4 + 0*k**c. Determine w(6).
1
Let r(m) = 2*m**3 + 2*m**2 - 4*m + 2. Let n be (13/(-26))/((-1)/4). Let g(i) = -4*i. Let v be g(n). Let q = v + 10. What is r(q)?
18
Let d(x) = 5*x**2 + x - 3. Let v(w) = -14*w**2 - 3*w + 8. Let i(h) = -8*d(h) - 3*v(h). Suppose -5*f + 5 = -5*s, -5*s + 8*s + 9 = f. What is i(f)?
15
Let g(a) = a**2 - 16*a - 1. Let p(f) = 2*f**2 - 15*f. Let s(m) = 3*g(m) - 2*p(m). Determine s(-18).
-3
Suppose 0 = -3*t + 4*v + 29, -3*v - 20 = v. Let w be 2/t + (-1)/(-3). Let z(c) be the second derivative of -2*c**5/5 - c**2/2 - 6*c. Give z(w).
-9
Let z(q) be the second derivative of q**4/12 + 13*q**3/6 + 13*q**2/2 + 2*q - 36. Give z(-9).
-23
Suppose -3*o + 2*w - 5 + 15 = 0, o = 2*w + 10. Let r(m) = 3*m**2 - m + 20. Let f(x) = 14*x**2 - 5*x + 81. Let i(j) = 2*f(j) - 9*r(j). Give i(o).
-18
Let b(a) = -3*a**2 - 5*a + 4. Let v(z) = 4*z**2 - 48*z - 51. Let f be v(13). Determine b(f).
-4
Let s(f) be the third derivative of f**7/2520 - f**6/240 + f**5/60 - 5*f**4/24 - 14*f**2. Let g(v) be the second derivative of s(v). Give g(2).
0
Let h(o) = -11 + 2 - 3*o + 7. Give h(2).
-8
Let m(y) be the first derivative of -y**4/24 - y**3/6 + 23*y**2/2 - 6. Let b(i) be the second derivative of m(i). Give b(-9).
8
Let u(z) = -7*z - 3. Let q(g) = 27*g + 13. Let d(x) = -2*q(x) - 9*u(x). Let m = -1568 - -1569. Calculate d(m).
10
Let s(v) = v**3 + 4*v**2 - 3*v + 6. Let z(p) = 35*p + 451. Let q be z(-13). Calculate s(q).
18
Let q(i) = -i**2 + 9*i + 13. Let a = 703 + -694. Give q(a).
13
Let c(l) = -2 - l - 12*l**2 + 11*l**2 - 2*l - l**3 - 1. Suppose 10*s = -0*s - 20. What is c(s)?
7
Let y(w) = 7*w + 1. Let d(u) = 3*u**2 - 1 - 6 - 5*u - 2*u**2. Let x be d(6). Determine y(x).
-6
Suppose -26 = -7*s + 44. Suppose 2*y + 3*n = -14, -2*y - 2*n - s = -n. Let a(k) = 2 - 4 - 4*k**2 - k**3 - k - k. Determine a(y).
6
Suppose 0 = 4*w - 3*w + 3*z, -2*z + 7 = 3*w. Let q be (w - 1) + 3 - 1. Let o(g) = 0 - g**2 + 3 - 2 - q*g. What is o(-4)?
1
Let m(g) = 5*g + 11. Let q(r) = 2. Let l(f) = -f + 3. Let h(t) = 2*l(t) - 6*q(t). Let a(v) = -7*h(v) - 3*m(v). Determine a(9).
0
Let h(w) = 2*w**3 - 14*w**2 + 25*w + 2. Let g be h(4). Let k(c) = -c**2 + 7*c - 4. Give k(g).
2
Let m be (-4)/3 + 4 + 1/3. Let s(c) = 5*c + 2*c**3 - 4*c**m + c**2 + 4*c**2 + 3*c**3 + 3. Suppose -3*b - 5*y - 19 = 0, 6 = -4*b + 3*y - 0. Give s(b).
6
Let k = 476 - 481. Let t(w) = -6*w + 7. Determine t(k).
37
Let m(r) = r**3 + 6*r**2 - 7*r + 3. Suppose 18 = -2*s + 4. Determine m(s).
3
Let g(q) be the first derivative of -40*q**3/3 - q**2/2 - q - 318. Give g(-1).
-40
Let a = 70 - 42. Suppose i - 5*i = a. Let w(t) be the third derivative of t**6/120 + 2*t**5/15 + 7*t**4/24 + t**3 - 5*t**2. What is w(i)?
6
Let b(v) = -2*v. Let h(l) = l**2 + 9*l - 2. Let t(q) = -3*b(q) - h(q). What is t(-6)?
-16
Let r be (-1)/((-51)/(-12) + -4). Let l(k) = 2*k + 4. Calculate l(r).
-4
Let n be 0 + 5 - (-10 - -14). Suppose n = -6*i + 7. Let a(l) = -9*l + i + 9*l - l**2. What is a(0)?
1
Let a(c) = -c**2 - 12*c - 1. Let s be a(-12). Let u(v) = -1 - v + 2*v - 3*v. What is u(s)?
1
Let m(n) = n**2 - n - 11. Let v(z) = 2*z + 1. Let q(o) = -m(o) + 3*v(o). What is q(10)?
-16
Let z(y) = y**2 + 2*y - 1. Suppose t - 2*o = -3*t + 214, 5*o = 2*t - 111. Suppose 0 = 4*x + t - 1. Let p = -15 - x. Calculate z(p).
-1
Suppose 0 = -4*y - 2*r - 14, 4 = -2*y + 2*r - 0*r. Let m(h) = h**3 + 2*h**2 - 3*h - 4. De